(f) = 2*f**3 + 51*f**2 + 49*f + 612. Let x be s(-25). Calculate the highest common divisor of x and 1362.
6
Let a(t) = -t**2 + 3*t + 1018. Let p be a(-30). What is the highest common factor of p and 427?
7
Let i be 2/(-9) + (-1383)/(-27). Let t be ((-115)/40 - -3) + 6233/184. Calculate the highest common divisor of i and t.
17
Let k = 22 - 0. Let l(q) = q**2 - 14*q + 51. Let o be l(8). Let u be k/o + ((-40)/6)/5. What is the highest common divisor of u and 2?
2
Let b = 9301 - 2349. Calculate the highest common factor of b and 11.
11
Suppose -137*b = -200*b + 1701. Let x be 7/(14/268) - -1. What is the highest common divisor of x and b?
27
Suppose g + 175 = -0*g. Let k = g - -181. Calculate the greatest common divisor of k and 8.
2
Suppose -19*p = -15*p + 1148. Let d = -159 - p. Let v(x) = x**2 - 2*x + 16. Let f be v(0). Calculate the greatest common divisor of f and d.
16
Suppose -6*u + u = y - 13, -5*u - 2*y + 16 = 0. Suppose -2*q + 4*z + 110 = 0, 3*q + u*z - 106 = 91. What is the highest common divisor of 1008 and q?
63
Suppose 6*l + 524 = 536. Suppose -l*x = -11*x + 36. What is the highest common divisor of x and 28?
4
Let i be (-1304)/(-20) - (-25)/(-125). Calculate the highest common divisor of i and 39.
13
Suppose -d + 126 = -h, -2*d - 4*h = -235 - 17. Let q be 20 + (0/1 - 1). Suppose 17*k = q*k - 36. Calculate the highest common factor of d and k.
18
Suppose -4*n - 255 = -3*c - 638, -4*c = n - 91. Let d = -6 - -11. Calculate the greatest common divisor of n and d.
5
Let b be (-14)/7*(103/(-2))/((-2)/(-62)). Calculate the greatest common divisor of 62 and b.
31
Let b be (-206112)/(-33) + 66/363 - 9. What is the highest common divisor of 77 and b?
77
Let q(b) = -b - 13. Suppose 0 = -4*c - 2*l - 128, 0*l + l = 2*c + 64. Let d be q(c). Calculate the greatest common divisor of d and 152.
19
Let v be -15 + 16 - (3 + (-139 - -2)). Let o = -205 + 220. Calculate the highest common factor of v and o.
15
Suppose -3*p = -5*p + o + 602, -4*p + 5*o + 1228 = 0. What is the greatest common factor of 3234 and p?
33
Let s(v) = -101*v - 1. Let i be s(1). Let l(z) = -2*z**2 - 42*z + 347. Let m be l(8). Let r = i - m. Calculate the highest common factor of r and 135.
15
Suppose -3*x + 4*x = 2, -9 = -b - 3*x. Suppose h = b*i - 21, 5*i - 7 = 5*h + 38. Calculate the greatest common divisor of i and 18.
6
Let g(k) be the second derivative of -k**3/6 + 21*k**2 - 7*k. Let z be (-25 - 2)/(-9)*(-50)/(-6). Let f be g(z). What is the highest common factor of 51 and f?
17
Let l = -772 + 837. What is the highest common divisor of l and 182?
13
Suppose 4*r + 52 = 44, 0 = -5*a + 3*r + 696. What is the highest common divisor of 174 and a?
6
Let q(d) = d**3 + 11*d**2 + 14*d + 20. Let z be q(-9). Suppose 0 = -4*l + a + 294 + 208, 0 = 3*l - 4*a - 370. Calculate the greatest common divisor of z and l.
14
Suppose 4*h - 66 = 4*f + 3426, -3*f = 2*h - 1756. What is the highest common factor of 375 and h?
125
Let p(r) = 2*r**3 + 2*r**2 - r. Let q = -9 - -8. Let b be ((-9)/3 - -2)*q. Let n be p(b). Calculate the highest common factor of n and 12.
3
Suppose -3*n + 7323 = -3*g, 0 = -9*n + 6*n - 2*g + 7298. What is the greatest common divisor of 36 and n?
12
Let i(g) = g**3 - 35*g**2 + 94*g + 69. Let t be i(32). Calculate the greatest common divisor of t and 585.
5
Let y = -744 + 531. Let z = -368 - y. Let l = -99 - z. What is the greatest common factor of 7 and l?
7
Suppose -3*x = -n - 11, -n + x = 3*n. Let k be n/2 - 164/(-8). Let s(q) = -23*q + 26. Let t be s(-1). Calculate the greatest common divisor of t and k.
7
Let t(i) = 59*i + 1. Let r be t(1). Let x be (13 - 1)/(7 - 323/57). Suppose x*p = v + 13*p - 40, -3*v + 92 = 5*p. What is the greatest common factor of r and v?
12
Let y be (-84)/9*(-9 - -3). Let d be (-4)/6 + (-74)/(-3). What is the highest common divisor of d and y?
8
Suppose 4*i = 0, -2*n = 4*i - 378 - 378. Calculate the greatest common factor of n and 1836.
54
Let l = -12 - -12. Let c be 3*(1 - l) + (-31)/1. Let i be (16/c - 2)*-7. What is the greatest common divisor of 36 and i?
18
Let o(w) = -11*w**3 - 2*w**2 + 4*w + 5. Let h be o(-1). Let g = -221 + 85. Let i = -66 - g. What is the highest common divisor of i and h?
10
Let q = 5563 - 5426. Calculate the greatest common divisor of 13837 and q.
137
Let r(i) = 2*i**2 - 133*i + 1290. Let d be r(10). What is the greatest common factor of d and 60?
20
Let m = -75 - -172. Suppose -11*k + 13 = -m. What is the greatest common divisor of 110 and k?
10
Let w = -48796 - -48876. Suppose -4*j = r - 3*r + 72, 0 = r - 4*j - 40. What is the greatest common divisor of r and w?
16
Suppose 0 = 3*t - c - 335, -5*c + 453 = 25*t - 21*t. What is the greatest common factor of t and 952?
56
Let u = 77 - 80. Let q be u + (0 - 0) - (3 - -24). Let a be (-2 - q/12)/(2/28). Calculate the greatest common factor of a and 2.
1
Suppose -661*p - 3*z = -666*p + 75726, -4*z + 32 = 0. What is the highest common divisor of 15 and p?
15
Let i be (32/48*9)/((-4)/(-70)). Calculate the greatest common factor of i and 5103.
21
Let y(t) = t**3 + 4*t**2 - 71*t - 60. Let s be y(-7). What is the greatest common divisor of s and 3944?
58
Suppose -7*w - 3*z = -9*w + 113, 2*w = -4*z + 78. Let y = w + 56. Calculate the greatest common divisor of 140 and y.
35
Let n = -6643 - -11109. Calculate the highest common divisor of n and 11.
11
Let l(i) = -i**2 + 45*i - 407. Let a be l(13). Calculate the greatest common divisor of 1563 and a.
3
Suppose -7*s + 10 = -2*s. Suppose 3*o - 24 = s*o. Suppose 3*x = -3*d + 348, -4*x + 372 = 3*d - 7*x. Calculate the greatest common divisor of o and d.
24
Let a(u) = -4*u**3 + 2*u**2 + u + 3. Let f be a(-3). Suppose s + 3*s = 4, -274 = -3*j + 2*s. Let b = f - j. What is the highest common divisor of b and 136?
34
Suppose 18346 + 30584 = 15*g. Calculate the highest common factor of g and 28.
14
Suppose 0 = 3*m + a - 1433, 5*m - 967 = 3*m - 3*a. Calculate the greatest common divisor of 7 and m.
7
Suppose 61*j = 62*j - 1384. What is the highest common divisor of j and 8?
8
Let d(z) = -3*z**3 - 17*z**2 - 36*z - 22. Let h be d(-8). What is the highest common factor of h and 42?
42
Suppose 0 = -6*g + 155 + 115. What is the highest common factor of g and 5715?
45
Let h = -3385 - -5194. What is the highest common factor of 335 and h?
67
Let c = -3977 + 4081. Calculate the highest common factor of 80 and c.
8
Let f = -123 + 140. Let q be (-1)/(-2) + (-15)/(-10). Suppose -q*i = -8*i + 816. Calculate the greatest common factor of i and f.
17
Suppose 2*a = -3*i + 4, 0*i - 2*i - 29 = -5*a. Let w be i/(3 - 4 - -2). Let u be ((-100)/15)/(w/27). What is the highest common factor of u and 10?
10
Let z = -627 - -629. Suppose s + 197 = z*o, -2*o + 189 = 4*s + 17. What is the highest common factor of o and 32?
32
Let r be (-4)/6*48/(-56)*(-798)/(-4). What is the highest common divisor of 2622 and r?
114
Suppose -3*t + 5*t = m - 13, -4*t - 36 = -4*m. Let g(r) = -r**2 + 38*r - 103. Let y be g(m). What is the greatest common factor of y and 155?
31
Let r(b) = -b**2 + 4*b + 7. Let z be r(-2). Let x(n) = 10*n**2 + 7*n - 3. Let i be x(z). Suppose 4*j - 168 = i. What is the greatest common divisor of j and 38?
19
Suppose -11993 - 5050 = -3*l. Suppose 1265 = -12*j + l. What is the greatest common factor of j and 32?
16
Let f(y) = -y**3 - 32*y**2 - 92*y - 40. Let r be f(-29). What is the highest common factor of 9 and r?
3
Suppose 13248 = 48*v + 22*v + 22*v. Suppose d + 5*o = 18 + 1, 3*d + 2*o - 31 = 0. Calculate the highest common factor of d and v.
9
Suppose 5 = a - c + 2, 0 = -a + 3*c - 5. Let w = -67 - -66. Let m be -1 + 5 + w + -2. What is the greatest common divisor of a and m?
1
Let n be -689 + -4 + (-45)/(-5). Let f = n + 690. Let g be -2*(-1)/2*48. Calculate the greatest common factor of f and g.
6
Let b be (-3)/9 + (-191)/3. Let f be (-8 - -9)/(4 + (-550)/138). Let u = f + b. What is the greatest common divisor of u and 25?
5
Suppose -5*i - 4*h + 3 = -8, -3*i + 5*h = -14. Suppose -i = -3*m, -20*f + 15*f = 2*m - 47. Calculate the highest common factor of f and 33.
3
Let x = 403 + -325. Let t be (-39)/x*-2*24. What is the greatest common factor of t and 296?
8
Suppose 2*v - 3*v - 4*a = -14, 0 = -2*v - 4*a + 16. Suppose -56 = v*b - 146. Suppose -405 = -1